10
Convert -22230231 (base 4) to base 11.
-2aa18
Convert 1764 (base 12) to base 13.
1384
What is 3387 (base 10) in base 12?
1b63
Convert 43471 (base 9) to base 10.
28819
-1713 (base 9) to base 10
-1308
-192 (base 14) to base 6
-1300
-d22 (base 15) to base 10
-2957
Convert -77b (base 16) to base 2.
-11101111011
What is 101012200 (base 3) in base 14?
29d9
Convert a13 (base 11) to base 6.
5400
Convert -18b (base 15) to base 13.
-215
188 (base 12) to base 9
305
1563 (base 8) to base 16
373
41340 (base 7) to base 6
114510
What is b8ca (base 14) in base 6?
403454
125420 (base 6) to base 4
2311110
-3232 (base 5) to base 8
-672
What is -5535 (base 6) in base 5?
-20113
Convert -1197 (base 12) to base 15.
-8c7
Convert 708 (base 10) to base 14.
388
-2093 (base 14) to base 16
-15f1
-111712 (base 8) to base 12
-19a8a
Convert -196 (base 11) to base 14.
-122
-57355 (base 9) to base 12
-1a135
Convert a3a (base 11) to base 4.
103211
140 (base 6) to base 10
60
What is 5f3 (base 16) in base 8?
2763
-299c (base 16) to base 6
-121152
What is 11248 (base 10) in base 12?
6614
4a4 (base 12) to base 7
2020
3311 (base 4) to base 16
f5
What is -2344 (base 5) in base 4?
-11131
-37038 (base 9) to base 16
-60f5
-310233 (base 4) to base 15
-1000
Convert 13244 (base 7) to base 10.
3560
What is 222000 (base 3) in base 6?
3130
What is 21111010 (base 4) in base 11?
26789
-21332310 (base 4) to base 14
-10c84
What is 481 (base 13) in base 6?
3341
What is 13c0b (base 13) in base 9?
56013
407 (base 13) to base 6
3055
What is -11000122 (base 3) in base 6?
-21325
Convert -86c9 (base 14) to base 4.
-11230021
What is -1a0a (base 11) in base 5?
-40201
What is 132233 (base 7) in base 9?
37035
-1026 (base 9) to base 5
-11003
What is -101304 (base 7) in base 4?
-10032111
What is 4542 (base 8) in base 14?
c38
71d (base 15) to base 10
1603
1202020 (base 3) to base 16
4fb
What is 150023 (base 7) in base 3?
1110112202
-10010011110 (base 2) to base 15
-53c
Convert -42006 (base 8) to base 5.
-1024124
Convert 989 (base 16) to base 2.
100110001001
334434 (base 5) to base 4
2321131
-2211 (base 4) to base 2
-10100101
12303 (base 4) to base 11
366
17254 (base 9) to base 13
5536
What is 1121131 (base 4) in base 14?
212d
Convert -121457 (base 8) to base 7.
-232536
1442014 (base 5) to base 9
46325
What is 11001001101 (base 2) in base 12?
b25
Convert 5047 (base 12) to base 2.
10000111110111
-70372 (base 9) to base 5
-2434420
Convert -2120 (base 3) to base 13.
-54
Convert -14142 (base 5) to base 8.
-2224
What is 64a (base 11) in base 6?
3340
516 (base 10) to base 4
20010
Convert 1414 (base 7) to base 2.
1000100110
Convert 210122002 (base 3) to base 6.
201002
What is 4118 (base 9) in base 4?
233012
300202 (base 4) to base 11
2374
-119 (base 12) to base 14
-bb
What is b55 (base 16) in base 8?
5525
-4d22 (base 16) to base 10
-19746
Convert -346 (base 11) to base 6.
-1525
1101 (base 6) to base 9
311
Convert -23c08 (base 14) to base 13.
-30a3c
Convert 2ca (base 15) to base 2.
1010000000
114241 (base 5) to base 6
32001
What is -17b8a (base 14) in base 9?
-101147
2542 (base 6) to base 16
27e
Convert 22010100 (base 3) to base 10.
5922
15444 (base 6) to base 3
10111101
Convert 1a91 (base 12) to base 13.
1651
864 (base 14) to base 5
23111
Convert -212222 (base 3) to base 6.
-2555
-306 (base 7) to base 15
-a3
What is 211166 (base 7) in base 11?
25431
What is -2221 (base 3) in base 10?
-79
What is -239 (base 16) in base 12?
-3b5
What is -4d6a (base 15) in base 16?
-408d
What is 232403 (base 5) in base 16?
211e
What is 1b78 (base 15) in base 13?
2939
-175 (base 11) to base 3
-21112
-60ba (base 15) to base 11
-14389
Convert -55652 (base 7) to base 11.
-a614
-2cc3 (base 15) to base 6
-112333
202f (base 16) to base 13
399a
-5251 (base 7) to base 11
-1431
341005 (base 6) to base 16
703d
Convert -4413 (base 5) to base 14.
-316
What is 2000202 (base 3) in base 15?
688
Convert 15a6 (base 11) to base 14.
a68
-80 (base 13) to base 8
-150
What is -34110 (base 5) in base 11?
-1897
Convert 4919 (base 10) to base 13.
2315
What is 341a5 (base 11) in base 7?
264160
What is 118 (base 11) in base 6?
352
What is 779 (base 10) in base 8?
1413
What is 7664 (base 11) in base 3?
111212120
-1461 (base 10) to base 13
-885
What is -3863a (base 12) in base 13?
-29038
Convert -12133 (base 4) to base 7.
-1132
Convert 21546 (base 7) to base 16.
1530
Convert 17565 (base 8) to base 9.
12037
What is 61 (base 8) in base 15?
34
5b6 (base 15) to base 7
3531
Convert 418d (base 14) to base 13.
51b0
12463 (base 12) to base 8
60413
-12000002 (base 3) to base 2
-111000111111
What is 233 (base 14) in base 13?
278
What is 1010101100 (base 2) in base 9?
840
15bb9 (base 12) to base 8
74575
-2b15 (base 13) to base 5
-200041
-245 (base 11) to base 14
-16b
Convert -2342 (base 5) to base 12.
-24b
What is -144 (base 7) in base 8?
-121
Convert -1877 (base 10) to base 14.
-981
Convert -2322 (base 10) to base 9.
-3160
Convert 2122 (base 3) to base 8.
107
Convert 12c (base 13) to base 9.
250
What is a963 (base 15) in base 2?
1000110000011100
Convert 164376 (base 8) to base 9.
100733
What is -28f (base 16) in base 10?
-655
Convert -11100011000000 (base 2) to base 14.
-541a
-37 (base 10) to base 6
-101
What is -8833 (base 11) in base 12?
-68b0
What is -318 (base 11) in base 12?
-27a
Convert -1090 (base 13) to base 9.
-3151
What is 358 (base 10) in base 11?
2a6
2122 (base 3) to base 5
241
1489 (base 10) to base 13
8a7
Convert -26ba (base 13) to base 9.
-7558
Convert 132033 (base 5) to base 6.
40220
-311302 (base 4) to base 6
-23534
What is 6252 (base 10) in base 14?
23c8
Convert 443 (base 10) to base 13.
281
2013 (base 9) to base 13
891
Convert 10011010100 (base 2) to base 16.
4d4
Convert 5927 (base 11) to base 3.
101122220
What is -dd4 (base 14) in base 8?
-5256
What is -12102 (base 3) in base 9?
-172
Convert 10838 (base 9) to base 7.
30056
-136 (base 10) to base 2
-10001000
13212 (base 6) to base 2
11111101000
-13151 (base 7) to base 10
-3515
Convert 4302 (base 6) to base 16.
3ce
What is -234445 (base 6) in base 7?
-113462
What is -77 (base 15) in base 6?
-304
What is -79a (base 12) in base 6?
-5114
Convert -676 (base 8) to base 5.
-3241
What is 51b (base 14) in base 6?
4353
Convert -21623 (base 7) to base 6.
-41132
What is -50415 (base 6) in base 9?
-10082
Convert -542 (base 6) to base 10.
-206
What is -205 (base 8) in base 10?
-133
Convert -1205 (base 10) to base 13.
-719
Convert -212000 (base 3) to base 13.
-38a
What is -30615 (base 7) in base 16?
-1d55
101100101111 (base 2) to base 15
cad
Convert 1986 (base 10) to base 8.
3702
Convert 102120 (base 4) to base 10.
1176
What is -11133222 (base 4) in base 9?
-33776
Convert 2491 (base 11) to base 7.
12315
4510 (base 7) to base 6
11304
What is 2c1 (base 13) in base 2?
111101111
-2204 (base 12) to base 8
-7244
What is 1d5 (base 15) in base 14?
225
Convert 2200100 (base 3) to base 7.
5460
-153a (base 11) to base 16
-7bb
Convert 61504 (base 10) to base 9.
103327
-4103 (base 16) to base 5
-1013033
2a21 (base 11) to base 5
111040
-12470 (base 13) to base 9
-51228
3692 (base 16) to base 7
55505
What is 516 (base 14) in base 13?
5bc
What is 21b (base 16) in base 8?
1033
Convert 102110010 (base 3) to base 9.
12403
12137 (base 8) to base 14
1c87
What is -b903 (base 12) in base 8?
-47523
What is 13100 (base 4) in base 7?
1232
-331 (base 5) to base 16
-5b
-275a (base 16) to base 6
-114350
-15402 (base 6) to base 2
-100111011010
What is -9a2 (base 13) in base 9?
-2236
Convert -2424 (base 5) to base 16.
-16c
What is 553 (base 6) in base 4?
3111
Convert -c55 (base 14) to base 13.
-1149
What is -1207 (base 9) in base 5?
-12043
-1001011 (base 3) to base 7
-2134
What is -3a7 (base 11) in base 7?
-1254
Convert -33521 (base 6) to base 14.
-1a1b
What is 12441 (base 5) in base 15?
466
-13518 (base 13) to base 3
-1211102000
379a (base 14) to base 6
113032
What is -89586 (base 10) in base 4?
-111313302
What is -10012210210 (base 3) in base 8?
-173462
-13201 (base 5) to base 3
-1102221
Convert -1010102100 (base 3) to base 14.
-8120
-13123 (base 10) to base 6
-140431
Convert 21514 (base 6) to base 9.
4101
Convert 732 (base 8) to base 5.
3344
What is -17168 (base 10) in base 12?
-9b28
What is -3286 (base 9) in base 8?
-4573
7334 (base 8) to ba